?
-213223
In base 15, what is 15 + -36?
-21
In base 11, what is -57 - a?
-66
In base 5, what is -1332 + -11?
-1343
In base 6, what is -1 - 55?
-100
In base 5, what is 323222 - 0?
323222
In base 8, what is -64 - 0?
-64
In base 14, what is -10 - -a?
-4
In base 5, what is 0 + -40130?
-40130
In base 8, what is 12 + -755?
-743
In base 5, what is -200 + 1?
-144
In base 7, what is 0 - -15226?
15226
In base 16, what is 1d76 - -1?
1d77
In base 11, what is -4a7 + 3?
-4a4
In base 2, what is -1011000010111 + -100?
-1011000011011
In base 3, what is -220 - 10111?
-11101
In base 13, what is 31 + 0?
31
In base 11, what is 253 - 8?
246
In base 12, what is 1 - 14?
-13
In base 6, what is 2302 - -3?
2305
In base 16, what is 0 - -54?
54
In base 4, what is 132 - -2?
200
In base 6, what is 20 - -13?
33
In base 11, what is -23 - -52?
2a
In base 12, what is -23 - -4?
-1b
In base 7, what is -3612 - 3?
-3615
In base 14, what is -2 + -62?
-64
In base 12, what is 4 + -935?
-931
In base 11, what is -7015 - -2?
-7013
In base 6, what is -4 + 4401?
4353
In base 16, what is ba - -2?
bc
In base 7, what is -5 - -54?
46
In base 4, what is 2323 - 2?
2321
In base 11, what is 1573 - -1?
1574
In base 13, what is 6 + 551?
557
In base 7, what is 5 - 2405?
-2400
In base 10, what is -291 + 39?
-252
In base 3, what is -10 + 102120211?
102120201
In base 5, what is 3 + 224?
232
In base 2, what is 1111 - 10001?
-10
In base 4, what is -110332 - 13?
-111011
In base 14, what is 2 - -84?
86
In base 14, what is 91d + -2?
91b
In base 2, what is 10000000010110 + -1?
10000000010101
In base 3, what is -1 - 212?
-220
In base 7, what is -3 + 11320?
11314
In base 8, what is -21 - -163?
142
In base 15, what is 0 + -48c?
-48c
In base 10, what is 1 + 21?
22
In base 7, what is 624 + -101?
523
In base 2, what is 1 + -11011000?
-11010111
In base 2, what is -1010011000 - 1?
-1010011001
In base 3, what is 0 - -1202?
1202
In base 7, what is -16 - -103?
54
In base 8, what is 33154 + 3?
33157
In base 15, what is 0 + 255?
255
In base 10, what is -1 + -52?
-53
In base 15, what is 2c1 + 2?
2c3
In base 8, what is -103 - 2?
-105
In base 15, what is -182 + -3?
-185
In base 10, what is -76 - 0?
-76
In base 6, what is 4 + -225?
-221
In base 8, what is -117 - 326?
-445
In base 15, what is 2 + -56e?
-56c
In base 2, what is 1100010 - -101011?
10001101
In base 11, what is -8 + 53?
46
In base 16, what is -4 - -f6?
f2
In base 15, what is 5 + -6aa?
-6a5
In base 14, what is 4 + 353?
357
In base 4, what is 122 + -3301?
-3113
In base 3, what is 120 + 10001?
10121
In base 11, what is -2 + 276?
274
In base 4, what is 0 - -220?
220
In base 4, what is 0 - -3332?
3332
In base 5, what is -4 - 11412?
-11421
In base 14, what is -9 - 29?
-34
In base 3, what is 20220 - -11?
21001
In base 13, what is 1 - 55?
-54
In base 6, what is -1013 + 4?
-1005
In base 6, what is 10541 - -1?
10542
In base 7, what is 2031 + 13?
2044
In base 10, what is -2000 + 5?
-1995
In base 12, what is 16 + -303?
-2a9
In base 11, what is 7 + -17?
-10
In base 5, what is -3120 + 102?
-3013
In base 4, what is 2022 + 120?
2202
In base 16, what is -35 + 5?
-30
In base 13, what is 1a5 + 4?
1a9
In base 14, what is 19 + 35?
50
In base 15, what is e - 189?
-17a
In base 11, what is -8 - 72?
-7a
In base 4, what is -102 - -2000?
1232
In base 2, what is 111 - -111111?
1000110
In base 5, what is 14140 + 0?
14140
In base 6, what is -5 + -231?
-240
In base 11, what is -4 - 8?
-11
In base 10, what is -5 - 17?
-22
In base 11, what is -581 + -5?
-586
In base 7, what is -11 - 16?
-30
In base 14, what is -4c - 3?
-51
In base 6, what is 0 + 311?
311
In base 4, what is -11021133 + -2?
-11021201
In base 14, what is 4 + -7c?
-78
In base 15, what is 5 - 8?
-3
In base 11, what is -18 - -54?
37
In base 3, what is 10 + -122?
-112
In base 12, what is 933 + 4?
937
In base 12, what is 5 - -167?
170
In base 4, what is 1032 - -213?
1311
In base 10, what is 11 + -271?
-260
In base 9, what is 2 - 1116?
-1114
In base 16, what is -14 - -2b?
17
In base 11, what is 530 + -4?
527
In base 15, what is 1e + -8b?
-6c
In base 15, what is -2c5 - 3?
-2c8
In base 13, what is -a3b + 1?
-a3a
In base 3, what is 0 - -10200?
10200
In base 9, what is 1 - -4361?
4362
In base 16, what is -187 - 1?
-188
In base 13, what is -230 - 1?
-231
In base 4, what is 1232 - -123?
2021
In base 13, what is -605 + 4?
-601
In base 15, what is -18cd + 1?
-18cc
In base 3, what is 1002 + -2021?
-1012
In base 4, what is -1000 - -13?
-321
In base 12, what is 144 + 66?
1aa
In base 13, what is -1 - -c0?
bc
In base 8, what is -150 + 3?
-145
In base 6, what is 1145 - 22?
1123
In base 9, what is 2418 - -1?
2420
In base 8, what is -2314 - -5?
-2307
In base 2, what is -10110110 + 11?
-10110011
In base 6, what is -31 - -1?
-30
In base 4, what is -22 - 23132?
-23220
In base 15, what is 2e - -3?
32
In base 15, what is cbe + -5?
cb9
In base 10, what is 5 - 11?
-6
In base 4, what is 2121 - 0?
2121
In base 12, what is 2 + -3?
-1
In base 9, what is -216 - -5?
-211
In base 11, what is -8816 - 0?
-8816
In base 11, what is 2 + -3515?
-3513
In base 10, what is -9 + 38?
29
In base 2, what is -11 + 110100?
110001
In base 15, what is 0 - -d6c?
d6c
In base 2, what is 110 + -10011100001?
-10011011011
In base 16, what is 1f1 - 2?
1ef
In base 4, what is 201130 - -3?
201133
In base 4, what is 3 + 211222?
211231
In base 11, what is 3 + 27?
2a
In base 16, what is 6 + -146?
-140
In base 6, what is -43 + -20?
-103
In base 6, what is -50 + -203?
-253
In base 2, what is 1001 + -10011?
-1010
In base 10, what is 4 + -135?
-131
In base 4, what is -11 - 100111?
-100122
In base 6, what is 21 + -2502?
-2441
In base 14, what is 4 + 6?
a
In base 7, what is 4 + 13433?
13440
In base 3, what is -10021 + 2?
-10012
In base 2, what is -10011 + -1011?
-11110
In base 9, what is -61 - 13?
-74
In base 4, what is 302 - 10310?
-10002
In base 7, what is -1454 + 0?
-1454
In base 3, what is 12 - -11220?
12002
In base 10, what is -435 + -3?
-438
In base 9, what is 43 - 17?
25
In base 15, what is -2 + 7b?
79
In base 4, what is -123320 + 3?
-123311
In base 14, what is 188 - -1?
189
In base 12, what is 8 + 3?
b
In base 4, what is -131332 - -2?
-131330
In base 13, what is 52 - -1?
53
In base 10, what is 90 + 3?
93
In base 16, what is -1f + -11f?
-13e
In base 9, what is -3 - -573?
570
In base 5, what is -42 - -223?
131
In base 7, what is -3 - -1156?
1153
In base 7, what is -2566 + 0?
-2566
In base 13, what is 0 - 5?
-5
In base 7, what is -4 + 110?
103
In base 13, what is -4 - 9a9?
-9b0
In base 5, what is 4 + 4234?
4243
In base 15, what is 3 + -27c?
-279
In base 5, what is -213 + -1122?
-1340
In base 4, what is -123031 - 11?
-123102
In base 2, what is 11 - -1011111?
1100010
In base 3, what is -112020 + -21?
-112111
In base 12, what is -111 - 5?
-116
In base 15, what is 6 - 19?
-13
In base 3, what is -12 + 112?
100
In base 10, what is -2 - -20?
18
In base 4, what is 3 - 213?
-210
In base 4, what is 3 + 1011?
1020
In base 16, what is 87 + 0?
87
In base 4, what is -1001132 - 1?
-1001133
In base 14, what is -25 - d?
-34
In base 14, what is 50 - 171?
-121
In base 15, what is -2 - 47?
-49
In base 15, what is -17a - -8?
-172
In base 9, what is 15 - 34?
-18
In base 9, what is 13 + 203?
216
In base 15, what is 94 + 0?
94
In base 10, what is -19 - 28?
-47
In base 3, what is -10 + -2110?
-2120
In base 12, what is 52 + -10?
42
In base 15, what is -3 + -85?
-88
In base 15, what is 4 - -27?
2b
In base 14, what is 1a + 3?
1d
In base 6, what is -202 + 2?
-200
In base 6, what is 5 - -51?
100
In base 13, what is -11 + -2?
-13
In base 8, what is -1 + -4123?
-4124
In base 7, what is 0 - -210?
210
In base 6, what is 411 + 3?
414
In base 4, what is 310 - -20?
330
In base 2, what is -101 - 101111100?
-110000001
In base 10, what is -26 - -37?
11
In base 8, what is 172 + -4?
166
In base 10, what is 13 + -1?
12
In base 16, what is -5 - -1b0?
1ab
In base 16, what is 1249 + -2?
1247
In base 2, what is -1 - -1?
0
In base 15, what is -24 - 0?
-24
In base 7, what is 1062 + 0?
1062
In base 5, what is 10 + -22042?
-22032
In base 8, what is 3 - 605?
-602
In base 11, what is 0 + 17?
17
In base 7, what is -61 - 13?
-104
In base 5, what is -22221 + -1?
-22222
In base 9, what is -7457 - -1?
-7456
In base 14, what is -44 - 3?
-47
In base 4, 